{"id":2,"date":"2022-11-04T10:59:34","date_gmt":"2022-11-04T09:59:34","guid":{"rendered":"http:\/\/maerchenring.dede\/wordpress\/?page_id=2"},"modified":"2023-07-31T11:02:47","modified_gmt":"2023-07-31T09:02:47","slug":"beispiel-seite","status":"publish","type":"page","link":"https:\/\/maerchenring.de\/?page_id=2","title":{"rendered":"Wer wir sind"},"content":{"rendered":"\n<p><\/p>\n\n\n\n<p><img decoding=\"async\" loading=\"lazy\" width=\"200\" height=\"200\" class=\"wp-image-126\" style=\"width: 100px;\" src=\"http:\/\/maerchenring.de\/wp-content\/uploads\/2023\/07\/buchstaben_maerchenring_d.jpg\" alt=\"D\" srcset=\"https:\/\/maerchenring.de\/wp-content\/uploads\/2023\/07\/buchstaben_maerchenring_d.jpg 200w, https:\/\/maerchenring.de\/wp-content\/uploads\/2023\/07\/buchstaben_maerchenring_d-150x150.jpg 150w\" sizes=\"(max-width: 200px) 100vw, 200px\" \/>Der M\u00e4rchenring hat sich \u00fcber das M\u00e4rchenfest in Schlo\u00df Pertenstein vor rund drei\u00dfig Jahren zusammen gefunden. Auf Initiative von <strong>Hanne Meye<\/strong>r, die 2019 mit 90 Jahren verstorben ist, wurde diese Veranstaltung in das Leben gerufen.\u00a0<\/p>\n\n\n\n<p><img decoding=\"async\" loading=\"lazy\" width=\"200\" height=\"200\" class=\"wp-image-129\" style=\"width: 100px;\" src=\"http:\/\/maerchenring.de\/wp-content\/uploads\/2023\/07\/buchstaben_maerchenring_h.jpg\" alt=\"H\" srcset=\"https:\/\/maerchenring.de\/wp-content\/uploads\/2023\/07\/buchstaben_maerchenring_h.jpg 200w, https:\/\/maerchenring.de\/wp-content\/uploads\/2023\/07\/buchstaben_maerchenring_h-150x150.jpg 150w\" sizes=\"(max-width: 200px) 100vw, 200px\" \/><strong>Heute sind wir, wechselweise, rund zehn M\u00e4rchenerz\u00e4hlerInnen.<\/strong> Unser Hauptprojekt ist das M\u00e4rchenfest f\u00fcr Familien, in dem mittelalterlichen Schlo\u00df Pertensteinm im Chiemgau.<\/p>\n\n\n\n<figure class=\"wp-block-image size-full\"><img decoding=\"async\" loading=\"lazy\" width=\"660\" height=\"470\" src=\"http:\/\/maerchenring.de\/wp-content\/uploads\/2023\/07\/schloss-pertenstein_maerchenring.jpg\" alt=\"Unser Hauptprojekt ist das M\u00e4rchenfest f\u00fcr Familien, in dem mittelalterlichen Schlo\u00df Pertensteinm im Chiemgau.\" class=\"wp-image-142\" srcset=\"https:\/\/maerchenring.de\/wp-content\/uploads\/2023\/07\/schloss-pertenstein_maerchenring.jpg 660w, https:\/\/maerchenring.de\/wp-content\/uploads\/2023\/07\/schloss-pertenstein_maerchenring-300x214.jpg 300w\" sizes=\"(max-width: 660px) 100vw, 660px\" \/><\/figure>\n\n\n\n<p><strong>Zu den M\u00e4rchenleuten geh\u00f6ren derzeit:<\/strong><\/p>\n\n\n\n<figure class=\"wp-block-table\"><table class=\"has-accent-color has-text-color\"><tbody><tr><td>Friedericke R\u00f6thlein,<br>Irmelind Kl\u00fcglein,<br>Mia Bernhard,<br>Christina Rupp,<br>Stefan Latzel,<br>Monika Aigner,<br>Jana Schwiede,<br>Carolin Schmid,<br><\/td><td><em>Und im erweiterten Kreis:<\/em><br><br>Brigitte Maier,<br>Monika Spiegelsberger,<br>Sina Spiegelsberger,<br>Christine Graf,<br>Sabine Saida,<br>Thekla Knipfer<br><\/td><\/tr><\/tbody><\/table><\/figure>\n\n\n\n<ul><\/ul>\n\n\n\n<p><img decoding=\"async\" loading=\"lazy\" width=\"200\" height=\"200\" class=\"wp-image-135\" style=\"width: 100px;\" src=\"http:\/\/maerchenring.de\/wp-content\/uploads\/2023\/07\/buchstaben_maerchenring_n.jpg\" alt=\"N\" srcset=\"https:\/\/maerchenring.de\/wp-content\/uploads\/2023\/07\/buchstaben_maerchenring_n.jpg 200w, https:\/\/maerchenring.de\/wp-content\/uploads\/2023\/07\/buchstaben_maerchenring_n-150x150.jpg 150w\" sizes=\"(max-width: 200px) 100vw, 200px\" \/>Neben dem M\u00e4rchenfest gestalten die Erz\u00e4hlerinnen Ihre eigen Auftritte, in verschiedenen Einrichtungen und bei unterschiedlichen Festen, drau\u00dfen und drinnen.<\/p>\n\n\n\n<figure class=\"wp-block-image size-large\"><img decoding=\"async\" loading=\"lazy\" width=\"1024\" height=\"213\" src=\"http:\/\/maerchenring.de\/wp-content\/uploads\/2023\/07\/banner_maerchenring-1024x213.jpg\" alt=\"M\u00e4rchenring Chiemgau - M\u00e4rchen lebendig erz\u00e4hlt fpr gro\u00dfe und kleine. Die Daten zur Kontaktaufnahme.\" class=\"wp-image-139\" srcset=\"https:\/\/maerchenring.de\/wp-content\/uploads\/2023\/07\/banner_maerchenring-1024x213.jpg 1024w, https:\/\/maerchenring.de\/wp-content\/uploads\/2023\/07\/banner_maerchenring-300x63.jpg 300w, https:\/\/maerchenring.de\/wp-content\/uploads\/2023\/07\/banner_maerchenring-768x160.jpg 768w, https:\/\/maerchenring.de\/wp-content\/uploads\/2023\/07\/banner_maerchenring.jpg 1200w\" sizes=\"(max-width: 1024px) 100vw, 1024px\" \/><\/figure>\n\n\n\n<p><\/p>\n","protected":false},"excerpt":{"rendered":"<p>Der M\u00e4rchenring hat sich \u00fcber das M\u00e4rchenfest in Schlo\u00df Pertenstein vor rund drei\u00dfig Jahren zusammen gefunden. Auf Initiative von Hanne Meyer, die 2019 mit 90 Jahren verstorben ist, wurde diese Veranstaltung in das Leben gerufen.\u00a0 Heute sind wir, wechselweise, rund zehn M\u00e4rchenerz\u00e4hlerInnen. Unser Hauptprojekt ist das M\u00e4rchenfest f\u00fcr Familien, in dem mittelalterlichen Schlo\u00df Pertensteinm im [&hellip;]<\/p>\n","protected":false},"author":1,"featured_media":0,"parent":0,"menu_order":0,"comment_status":"closed","ping_status":"open","template":"","meta":{"_seopress_robots_primary_cat":""},"_links":{"self":[{"href":"https:\/\/maerchenring.de\/index.php?rest_route=\/wp\/v2\/pages\/2"}],"collection":[{"href":"https:\/\/maerchenring.de\/index.php?rest_route=\/wp\/v2\/pages"}],"about":[{"href":"https:\/\/maerchenring.de\/index.php?rest_route=\/wp\/v2\/types\/page"}],"author":[{"embeddable":true,"href":"https:\/\/maerchenring.de\/index.php?rest_route=\/wp\/v2\/users\/1"}],"replies":[{"embeddable":true,"href":"https:\/\/maerchenring.de\/index.php?rest_route=%2Fwp%2Fv2%2Fcomments&post=2"}],"version-history":[{"count":8,"href":"https:\/\/maerchenring.de\/index.php?rest_route=\/wp\/v2\/pages\/2\/revisions"}],"predecessor-version":[{"id":143,"href":"https:\/\/maerchenring.de\/index.php?rest_route=\/wp\/v2\/pages\/2\/revisions\/143"}],"wp:attachment":[{"href":"https:\/\/maerchenring.de\/index.php?rest_route=%2Fwp%2Fv2%2Fmedia&parent=2"}],"curies":[{"name":"wp","href":"https:\/\/api.w.org\/{rel}","templated":true}]}}

<p></p>



<p><img decoding="async" loading="lazy" width="200" height="200" class="wp-image-126" style="width: 100px;" src="http://maerchenring.de/wp-content/uploads/2023/07/buchstaben_maerchenring_d.jpg" alt="D" srcset="https://maerchenring.de/wp-content/uploads/2023/07/buchstaben_maerchenring_d.jpg 200w, https://maerchenring.de/wp-content/uploads/2023/07/buchstaben_maerchenring_d-150x150.jpg 150w" sizes="(max-width: 200px) 100vw, 200px" />Der Märchenring hat sich über das Märchenfest in Schloß Pertenstein vor rund dreißig Jahren zusammen gefunden. Auf Initiative von <strong>Hanne Meye</strong>r, die 2019 mit 90 Jahren verstorben ist, wurde diese Veranstaltung in das Leben gerufen. </p>



<p><img decoding="async" loading="lazy" width="200" height="200" class="wp-image-129" style="width: 100px;" src="http://maerchenring.de/wp-content/uploads/2023/07/buchstaben_maerchenring_h.jpg" alt="H" srcset="https://maerchenring.de/wp-content/uploads/2023/07/buchstaben_maerchenring_h.jpg 200w, https://maerchenring.de/wp-content/uploads/2023/07/buchstaben_maerchenring_h-150x150.jpg 150w" sizes="(max-width: 200px) 100vw, 200px" /><strong>Heute sind wir, wechselweise, rund zehn MärchenerzählerInnen.</strong> Unser Hauptprojekt ist das Märchenfest für Familien, in dem mittelalterlichen Schloß Pertensteinm im Chiemgau.</p>



<figure class="wp-block-image size-full"><img decoding="async" loading="lazy" width="660" height="470" src="http://maerchenring.de/wp-content/uploads/2023/07/schloss-pertenstein_maerchenring.jpg" alt="Unser Hauptprojekt ist das Märchenfest für Familien, in dem mittelalterlichen Schloß Pertensteinm im Chiemgau." class="wp-image-142" srcset="https://maerchenring.de/wp-content/uploads/2023/07/schloss-pertenstein_maerchenring.jpg 660w, https://maerchenring.de/wp-content/uploads/2023/07/schloss-pertenstein_maerchenring-300x214.jpg 300w" sizes="(max-width: 660px) 100vw, 660px" /></figure>



<p><strong>Zu den Märchenleuten gehören derzeit:</strong></p>



<figure class="wp-block-table"><table class="has-accent-color has-text-color"><tbody><tr><td>Friedericke Röthlein,<br>Irmelind Klüglein,<br>Mia Bernhard,<br>Christina Rupp,<br>Stefan Latzel,<br>Monika Aigner,<br>Jana Schwiede,<br>Carolin Schmid,<br></td><td><em>Und im erweiterten Kreis:</em><br><br>Brigitte Maier,<br>Monika Spiegelsberger,<br>Sina Spiegelsberger,<br>Christine Graf,<br>Sabine Saida,<br>Thekla Knipfer<br></td></tr></tbody></table></figure>



<ul></ul>



<p><img decoding="async" loading="lazy" width="200" height="200" class="wp-image-135" style="width: 100px;" src="http://maerchenring.de/wp-content/uploads/2023/07/buchstaben_maerchenring_n.jpg" alt="N" srcset="https://maerchenring.de/wp-content/uploads/2023/07/buchstaben_maerchenring_n.jpg 200w, https://maerchenring.de/wp-content/uploads/2023/07/buchstaben_maerchenring_n-150x150.jpg 150w" sizes="(max-width: 200px) 100vw, 200px" />Neben dem Märchenfest gestalten die Erzählerinnen Ihre eigen Auftritte, in verschiedenen Einrichtungen und bei unterschiedlichen Festen, draußen und drinnen.</p>



<figure class="wp-block-image size-large"><img decoding="async" loading="lazy" width="1024" height="213" src="http://maerchenring.de/wp-content/uploads/2023/07/banner_maerchenring-1024x213.jpg" alt="Märchenring Chiemgau - Märchen lebendig erzählt fpr große und kleine. Die Daten zur Kontaktaufnahme." class="wp-image-139" srcset="https://maerchenring.de/wp-content/uploads/2023/07/banner_maerchenring-1024x213.jpg 1024w, https://maerchenring.de/wp-content/uploads/2023/07/banner_maerchenring-300x63.jpg 300w, https://maerchenring.de/wp-content/uploads/2023/07/banner_maerchenring-768x160.jpg 768w, https://maerchenring.de/wp-content/uploads/2023/07/banner_maerchenring.jpg 1200w" sizes="(max-width: 1024px) 100vw, 1024px" /></figure>



<p></p>

<p>Der Märchenring hat sich über das Märchenfest in Schloß Pertenstein vor rund dreißig Jahren zusammen gefunden. Auf Initiative von Hanne Meyer, die 2019 mit 90 Jahren verstorben ist, wurde diese Veranstaltung in das Leben gerufen.  Heute sind wir, wechselweise, rund zehn MärchenerzählerInnen. Unser Hauptprojekt ist das Märchenfest für Familien, in dem mittelalterlichen Schloß Pertensteinm im [&hellip;]</p>
